se 10, what is -389 - 4?
-393
In base 13, what is 13 + -c5?
-b2
In base 7, what is 5 + 35?
43
In base 12, what is b + 8a?
99
In base 10, what is 56 + 1?
57
In base 5, what is 10 - -100?
110
In base 15, what is 40 + -26?
19
In base 2, what is 1011000110 + 11?
1011001001
In base 3, what is -10 - -1012?
1002
In base 7, what is -1 - -16526?
16525
In base 7, what is -461 - -1?
-460
In base 2, what is -11 + -1010010110111?
-1010010111010
In base 13, what is -5 - 323?
-328
In base 11, what is 6 - 22?
-17
In base 6, what is 5 + -320?
-311
In base 4, what is -2232230 - -1?
-2232223
In base 9, what is 11 - -18?
30
In base 8, what is -3440 - -5?
-3433
In base 13, what is 4 + 275?
279
In base 6, what is 10305 - -4?
10313
In base 12, what is 40 + -10?
30
In base 3, what is -11 + 2?
-2
In base 14, what is 14 - -80?
94
In base 4, what is 3123 - -1?
3130
In base 5, what is 3443 + -2?
3441
In base 10, what is 1099 + 2?
1101
In base 9, what is -5344 + 0?
-5344
In base 7, what is 2 - 3060?
-3055
In base 5, what is 3 + -33100?
-33042
In base 9, what is 6 - -1100?
1106
In base 13, what is -90 + 1?
-8c
In base 7, what is 4 + 110?
114
In base 3, what is -120022221 + 0?
-120022221
In base 14, what is 33 + b?
40
In base 7, what is 152 - 156?
-4
In base 5, what is 12404 - 14?
12340
In base 8, what is -17 + -1141?
-1160
In base 7, what is 1636 - 0?
1636
In base 6, what is 1132 - -1?
1133
In base 9, what is -4 + 26?
22
In base 8, what is -4 + 1074?
1070
In base 16, what is a2 - 4?
9e
In base 15, what is 21 - -2?
23
In base 13, what is -7 + -1c8?
-202
In base 4, what is -2232 + -30?
-2322
In base 14, what is 12 + -59?
-47
In base 6, what is -1000 - -1?
-555
In base 11, what is -5 - 9?
-13
In base 2, what is -1000000010 - 1?
-1000000011
In base 11, what is 62 - 2?
60
In base 10, what is 162 + 34?
196
In base 8, what is 54 + 5?
61
In base 16, what is -5 - -31b?
316
In base 5, what is -40140 - 0?
-40140
In base 9, what is 14 - 122?
-107
In base 13, what is 9101 + 0?
9101
In base 11, what is 3 - -22?
25
In base 7, what is 3 - -451?
454
In base 9, what is -3 + -64?
-67
In base 12, what is -570 - -2?
-56a
In base 11, what is 4 - 3?
1
In base 8, what is 4 - -742?
746
In base 9, what is 168 - 7?
161
In base 15, what is -2 - 89?
-8b
In base 6, what is -1 - 422?
-423
In base 15, what is -16 + 1b?
5
In base 3, what is 12 - 1210?
-1121
In base 2, what is 10000 - 1001011?
-111011
In base 8, what is -367 - 1?
-370
In base 13, what is 288 + -1c?
269
In base 16, what is -dfe + -5?
-e03
In base 7, what is -1550 - -1?
-1546
In base 9, what is 3478 + 4?
3483
In base 2, what is 101000 + 100?
101100
In base 2, what is -10 + 1010000?
1001110
In base 10, what is 186 + -3?
183
In base 2, what is 100010 - -1000010?
1100100
In base 6, what is 2215 + 0?
2215
In base 9, what is 12 - 17?
-5
In base 9, what is 25 + -41?
-15
In base 14, what is d + 5?
14
In base 3, what is 2 - 100?
-21
In base 5, what is 2442 - -2?
2444
In base 11, what is -6 + 9?
3
In base 7, what is 2 - -14516?
14521
In base 10, what is 3 + 66?
69
In base 2, what is -11 + -11100110?
-11101001
In base 6, what is 0 - 534?
-534
In base 5, what is 4 + -11403?
-11344
In base 10, what is 5 + 165?
170
In base 4, what is -1320 + -31?
-2011
In base 16, what is 40c - 4?
408
In base 13, what is -4 - 34c?
-353
In base 14, what is -2c6 + -5?
-2cb
In base 6, what is -112 + -310?
-422
In base 4, what is -11 + -1110?
-1121
In base 3, what is 11 - 22102?
-22021
In base 16, what is 2 - b?
-9
In base 16, what is -fe + 6c?
-92
In base 16, what is 1 + -91?
-90
In base 14, what is 2 + 343?
345
In base 3, what is -10 + 11012?
11002
In base 3, what is 1000 - -20212?
21212
In base 7, what is 1135 + -10?
1125
In base 15, what is -47 - 3?
-4a
In base 6, what is -34204 + 5?
-34155
In base 7, what is 0 - 35?
-35
In base 2, what is -11 - -100001?
11110
In base 5, what is -14 - 333?
-402
In base 12, what is -203 + -5?
-208
In base 13, what is 4c - 10?
3c
In base 14, what is 60 - 32?
2c
In base 2, what is -10 - 10011?
-10101
In base 8, what is 3132 - 5?
3125
In base 14, what is -5 + a8?
a3
In base 13, what is 1c + 41a?
439
In base 10, what is 114 - 100?
14
In base 8, what is -130 - -20?
-110
In base 3, what is -11 + -20001?
-20012
In base 2, what is 1011010 - -10?
1011100
In base 4, what is 100103 - -3?
100112
In base 6, what is 5430 + 2?
5432
In base 13, what is -5 - -b4?
ac
In base 12, what is 6 + -294?
-28a
In base 6, what is 42 - -54?
140
In base 10, what is 22 + -1628?
-1606
In base 5, what is 301 - -43?
344
In base 5, what is -31 + -2234?
-2320
In base 6, what is 102 + -142?
-40
In base 14, what is -4 + 68?
64
In base 6, what is 2140 + -23?
2113
In base 4, what is 10 - -201?
211
In base 15, what is 5 + 45?
4a
In base 5, what is -1 + 10?
4
In base 12, what is -1 - 21a8?
-21a9
In base 13, what is -c + -130?
-13c
In base 3, what is -11 + 11202022?
11202011
In base 9, what is -167 + 5?
-162
In base 15, what is 2 - 46?
-44
In base 14, what is 11 + 1c?
2d
In base 11, what is 318 - -5?
322
In base 15, what is -2 + 14?
12
In base 6, what is -4225 + 2?
-4223
In base 3, what is 0 - 101?
-101
In base 12, what is 3 + -55?
-52
In base 10, what is 1866 - -1?
1867
In base 9, what is -1528 - -1?
-1527
In base 15, what is 2 - 26?
-24
In base 8, what is -53 - 51?
-124
In base 4, what is 12 - -30?
102
In base 10, what is -187 - -1?
-186
In base 12, what is 2 - -1384?
1386
In base 6, what is 1101 - 3?
1054
In base 7, what is -4 + 2340?
2333
In base 11, what is -54a - -2?
-548
In base 7, what is 33 + -2?
31
In base 12, what is 5 + -28b?
-286
In base 4, what is 1111 - 2331?
-1220
In base 12, what is -1 + -72a?
-72b
In base 9, what is -5 - -55?
50
In base 16, what is 5 + -156?
-151
In base 16, what is 1 - 13c?
-13b
In base 10, what is -5 + -1712?
-1717
In base 7, what is 4 - 36?
-32
In base 15, what is -8 + 2c?
24
In base 16, what is -4a - c?
-56
In base 16, what is 25b + -4?
257
In base 4, what is 13130 - -10?
13200
In base 9, what is -2121 - -5?
-2115
In base 5, what is 44 - -24?
123
In base 5, what is 13 + 40?
103
In base 6, what is 25014 - 3?
25011
In base 6, what is -204 - 14?
-222
In base 14, what is 11c - 2?
11a
In base 6, what is -2121 + -11?
-2132
In base 9, what is -10 + 14?
4
In base 5, what is -1404 - 3?
-1412
In base 5, what is 11 + -31?
-20
In base 14, what is -41 + -5?
-46
In base 5, what is -12 + 323?
311
In base 3, what is -1000022 + 12?
-1000010
In base 5, what is -143 + 441?
243
In base 10, what is 6 + -2948?
-2942
In base 10, what is 143 - 25?
118
In base 16, what is f - -13?
22
In base 14, what is 16 - -6?
1c
In base 11, what is 3 - 8?
-5
In base 5, what is -3 - 3214?
-3222
In base 14, what is -37 + 14c?
115
In base 15, what is -d + 1a?
c
In base 4, what is -1131 + 10?
-1121
In base 16, what is 3 + 79?
7c
In base 5, what is -20 - 4?
-24
In base 15, what is -53 - 48?
-9b
In base 3, what is -22 - 12202?
-20001
In base 16, what is -5 - -18e?
189
In base 12, what is -33 + -37?
-6a
In base 15, what is 0 - 186?
-186
In base 13, what is -2 - 279?
-27b
In base 13, what is 1b32 - 1?
1b31
In base 5, what is -43 - 11?
-104
In base 12, what is -1616 + 5?
-1611
In base 2, what is -1100101111 + 1100?
-1100100011
In base 11, what is 2 + -163?
-161
In base 7, what is -3 - 21?
-24
In base 8, what is 2 - 54?
-52
In base 8, what is 26046 + -2?
26044
In base 13, what is -5bc + 3?
-5b9
In base 13, what is 242 + -2?
240
In base 7, what is -10 - -2?
-5
In base 7, what is -162 - 4?
-166
In base 6, what is -120 - -214?
54
In base 5, what is 10300 + -1?
10244
In base 16, what is -42 + -1?
-43
In base 5, what is 1 - 21122?
-21121
In base 11, what is -136 + -7?
-142
In base 15, what is 3a + -6?
34
In base 12, what is -2 + b0a?
b08
In base 3, what is -1 + -2120?
-2121
In base 6, what is -403 - 1?
-404
In base 8, what is -12 - -2?
-10
In base 4, what is -3213 - -10?
-3203
In base 8, what is -10 - 11?
-21
In base 2, what is 10 + 1011110011?
1011110101
In base 12, what is -444 + 2?
-442
In base 5, what is 1100 - -11?
1111
In base 14, what is 562 - -2?
564
In base 16, what is 14 - 4b?
-37
In base 2, what is 1010011 - 1000110?
1101
In base 2, what is -101 - -100111?
100010
In base 12, what is -2 - 133?
-135
In base 4, what is 20332022 + 2?
20332030
In base 9, what is 210 + -5?
204
In base 